588*l + 14452 = 3*a. What are the prime factors of l?
2, 3613
Let m(u) = u**3 + 6*u**2 + u - 5. Let w be m(-5). Suppose w*v - 3 = 14*v. List the prime factors of (8/12)/(v + (-1024)/342).
2, 3, 19
Suppose 395 = 4*k - 33. Let i = 98 + k. Suppose i - 49 = 2*w. List the prime factors of w.
2, 3, 13
Suppose -g + 48972 = 2*u, 2*g = -u - 6151 + 30634. List the prime factors of u.
47, 521
Let o be -6 + (7 - 2) + 5/1. Suppose 0 = -2*w + o*w - 28. Suppose -6*d + w*d - 528 = 0. What are the prime factors of d?
2, 3, 11
Let g(h) = -4*h**2 - 143*h - 4. List the prime factors of g(-14).
2, 607
Let c be (-6)/45 + -2 + (-118)/15. Let u(z) = -z**3 - 7*z**2 + 20*z - 13. List the prime factors of u(c).
3, 29
Suppose -88 = 5*b - 923. Suppose 2*m = b + 201. List the prime factors of m.
2, 23
Let l = 56 + -35. Suppose l*v - 15*v - 1986 = 0. What are the prime factors of v?
331
Let f(n) = n**3 + 71*n**2 + 117*n + 279. List the prime factors of f(-68).
3, 5, 7, 59
Let t = 61956 - -7199. List the prime factors of t.
5, 13831
Suppose 333*u = 335*u - 14. Suppose g = -5, 4*o + u*g - 2033 = 4*g. List the prime factors of o.
2
Let j(t) be the first derivative of 3*t**3 - 3*t + 5 + 11/2*t**2 + 1/4*t**4. What are the prime factors of j(-6)?
3, 13
Suppose 4*l + 16 = d, -4*l - 20 = -2*d - 0. Suppose -d*x + 5*b + 2997 + 664 = 0, 0 = -4*x - 2*b + 3626. What are the prime factors of x?
3, 101
Suppose -24*x + 75520 = 73072 - 219312. What are the prime factors of x?
2, 3, 5, 7, 11
Let x(h) = -h**2 + 7*h - 6. Let n be x(5). Let g(m) = n*m - 4 + 3*m + 2*m + 12. List the prime factors of g(2).
2, 13
What are the prime factors of (-842486)/(-306) - (-6)/(-27)?
2753
Let w = 337 - 205. Suppose 3*h - 2 = 5*k - 1, 3*h = 2*k + 4. Suppose 2*s = h*o - 4*o + w, -4*o = s - 267. List the prime factors of o.
67
Let f be (-324)/(-45) - ((-4)/5 - -1). Suppose f*i - 984 = -i. What are the prime factors of i?
3, 41
Let j = -236 - -239. Suppose -166 = -j*s + 1019. What are the prime factors of s?
5, 79
Suppose -37*i + 42196 = 7*i. List the prime factors of i.
7, 137
List the prime factors of ((-8)/((-48)/(-45)))/((-10)/56664).
2, 3, 787
Suppose 84*r - 54 = 90*r. What are the prime factors of 18224/204*(r/(-2) - 0)?
2, 3, 67
List the prime factors of ((3/6)/(-1))/((8 + -16)/635312).
59, 673
Let h = -258 + 261. List the prime factors of (0 - -1) + (4 - -1289)/h.
2, 3
Let m(v) = 561*v. Suppose -3*p + 2*h + 7 = 0, -2*p - 2 + 10 = -3*h. Let n be m(p). Suppose 6*i - n = 3*i. List the prime factors of i.
11, 17
Let a = -6202 + 54615. What are the prime factors of a?
48413
Suppose 2*y - 43954 = -i, -3429*y + i = -3433*y + 87906. List the prime factors of y.
2, 41, 67
Let y be (-10)/385*-7 + (-2)/11. Suppose -9*s - 1151 = -3*m - 4*s, y = -5*m - 2*s + 1877. List the prime factors of m.
13, 29
Let j be -1 + (-7)/(28/(-300)). Suppose 59 = 4*n - 4*i + 3*i, 2*i - j = -4*n. Let l = n + 113. What are the prime factors of l?
3, 43
Let q = -7079 + 73819. List the prime factors of q.
2, 5, 47, 71
List the prime factors of (-216068)/(-16) + (27/12)/((-12)/(-4)).
5, 37, 73
Suppose -1197 = -3*h - 4*h. Suppose -12*i - h = 33. Let s = 40 + i. List the prime factors of s.
23
Let q(h) = -h**3 + 10*h**2 - 18*h + 20. Let u be q(8). Suppose 22*i + 810 = u*i. What are the prime factors of (-285)/i*(-1 - -40)?
13, 19
Let b be (150/20)/(1/2). Suppose b = 2*i + 3. Suppose 1310 = i*q + 4*q. List the prime factors of q.
131
Let b = 173 + -144. Suppose b*f = 32*f - 48. What are the prime factors of f?
2
Suppose 406*v = 68*v + 11947624. List the prime factors of v.
2, 8837
Let l(t) = 1082*t + 4118. What are the prime factors of l(8)?
2, 3, 2129
Suppose 2*f + 12 = -2. Let z(d) = 6*d**2 + 11*d + 41. List the prime factors of z(f).
2, 3, 43
Suppose 5*n - 116 + 76 = 0. Let i(f) = 63*f + 101. What are the prime factors of i(n)?
5, 11
Suppose 0 = -53*x - 58684 + 386171. List the prime factors of x.
37, 167
Suppose 401 - 2456 = -z - 2*h, -9*z - 2*h = -18495. What are the prime factors of z?
3, 5, 137
Suppose 0 = -4*b - 10 + 2. Let f be 4*(b/12 - 87/(-36)). What are the prime factors of f/(-15) - (-302)/(-20)*-6?
2, 3, 5
Let d(t) = 13*t**2 - 3*t + 1. Let l be d(-1). Suppose -l*s + 1584 = -9*s. What are the prime factors of s?
2, 3, 11
Let p be (-232)/6*(60/(-8))/5. Suppose 10*o + k - 122 = 6*o, -p = -2*o + k. What are the prime factors of o/(2/(-8*2/(-4)))?
2, 3, 5
Let t be (-57 - 56/8)*(-354)/8. Suppose -t = -5*n + 3248. What are the prime factors of n?
2, 19
Let p = 288 + -287. Let k(s) = 490*s**3 + 3*s**2 + 4*s - 6. What are the prime factors of k(p)?
491
Let y = -4 - -13. Let g be y/(-18)*(-116 - 2). Let r = 84 - g. List the prime factors of r.
5
What are the prime factors of (-195350)/(-8) + 4/(-16)*-1?
24419
Let g(c) = 2*c**3 + 4*c**2 - 16*c + 2. Let z(o) = -10*o + 1 + o**3 - 2*o - 2*o + 13*o. Let f(x) = -g(x) + 4*z(x). What are the prime factors of f(4)?
2, 3, 19
Let o = 3 + -2. Let a(r) = 91 + 156*r**2 - 49 - 39 - 5*r. List the prime factors of a(o).
2, 7, 11
Let n(s) = 35*s**2 + 19*s - 270. List the prime factors of n(12).
2, 3, 7, 17
Suppose -15*a + 34830 + 46767 = -32538. What are the prime factors of a?
7, 1087
Let v(y) = -y**3 + 27*y**2 + 21*y - 96. List the prime factors of v(23).
2503
Let q(z) = -z**2 - 177*z + 1121. List the prime factors of q(-110).
7, 1213
Let s(r) = -r**3 + 33*r**2 + 41*r - 8. Let n be (-480)/(-14) - 72/252. List the prime factors of s(n).
2, 5, 23
Suppose 0 = -4*r - 2*q - 824, 2*r + r = -2*q - 619. Let z = r - -135. Let k = z - -154. What are the prime factors of k?
2, 3, 7
Let f(u) = 49 + 40*u**2 + 6*u**2 - 2*u - u + 2*u - 39. What are the prime factors of f(3)?
421
Let u = -319 - -931. Let g(n) = n**2 + 10*n - 6. Let i be g(-16). Suppose -93*t + u = -i*t. List the prime factors of t.
2, 3, 17
Suppose 8*d = 20*d - 1068. Let k = d - -130. What are the prime factors of k?
3, 73
Let x(t) be the second derivative of 3*t**6/80 - 41*t**5/120 - 13*t**4/12 - 46*t. Let p(d) be the third derivative of x(d). List the prime factors of p(10).
229
Let k(x) = -x - 3. Let l be k(-5). Let j = 2067 - 2065. Suppose 0 = 4*f - l*o - 402, -102 = -f + 4*o - j*o. List the prime factors of f.
2, 5
Suppose 2*k - 5*k - 33 = 0. Let t(m) = -m**3 - 11*m**2 + 4*m + 12. Let i be t(k). Let h = -15 - i. What are the prime factors of h?
17
Let y = -148 - -153. Suppose -m + y*m + 3*p - 115 = 0, 2*m = -2*p + 58. What are the prime factors of m?
2, 7
Let m be ((-4)/(-8))/(1/14). Suppose -6*b + m*b - 40 = 0. List the prime factors of (b/(-25) - (-1 + -1))*635.
2, 127
Let f = -26246 - -53557. Suppose 14*k - f = -2419. What are the prime factors of k?
2, 7, 127
Let q(p) be the first derivative of 25/3*p**3 + 2*p + 19 + p**2. What are the prime factors of q(2)?
2, 53
Suppose -328072 = -11*w - 81*w. What are the prime factors of w?
2, 1783
List the prime factors of 47775 + 2/(10 - 480/50).
2, 5, 2389
Let h be -129*94/(-22) - 14/77. Suppose 0 = -4*x + 985 + h. Suppose x = 4*k + 12. List the prime factors of k.
3, 31
Let s = 1253 + -411. Suppose -9*n + s + 517 = 0. What are the prime factors of n?
151
Let o = 65519 + -25483. What are the prime factors of o?
2, 10009
Let t(d) = -1525*d - 4112. What are the prime factors of t(-26)?
2, 3, 5923
Suppose -1874 = -10*m + 12*m. Let h = m - -1517. List the prime factors of h.
2, 5, 29
Suppose 5*b - 6*b = -3, 0 = -3*k + 2*b + 480. Let r = k + -34. List the prime factors of r.
2
Suppose 5*z = -4*f + 67065 + 13905, 0 = -5*z + 7*f + 81025. What are the prime factors of z?
2, 7, 13, 89
Suppose -9*x + 77 - 23 = 0. Suppose -3*t - 2*u + 17 = 0, -u + x = 2. Suppose -87 = -0*b - t*b. List the prime factors of b.
29
Suppose 3*b - 38115 = -5*d, 3*b - 16*d = -23*d + 38121. What are the prime factors of b?
2, 5, 127
Suppose 0 = 4*u, -h = u - 0*u - 1549. List the prime factors of h/3 - (-28)/(-84).
2, 3, 43
Let q = 17792 + -7727. List the prime factors of q.
3, 5, 11, 61
Suppose 0 = -5*o - j + 2, -4*o + 2 = j - 0. Suppose 3*h - 4*h - 20 = o. List the prime factors of 1/5 + (-1776)/h.
89
Suppose -16*t - 22*t = -12*t - 25402. List the prime factors of t.
977
Let p(c) = 4*c + 28. Let v be p(-6). Suppose -912 = u + 4*u - v*i, 0 = 5*u + i + 922. Let b = 312 + u. What are the prime factors of b?
2
Suppose -4*p = -j + p + 1377